k(2). Let b be (-20)/i*(-1)/(-2). Let m(s) = 7*s. What is the units digit of m(b)?
5
Let t(s) = s**2 + 9*s - 4. Let a = -16 - -8. Let b be t(a). What is the tens digit of -98*(b/8 + 1)?
4
Let h(f) = -f**2 + f. Let w(u) = -38*u**2 - 6*u. Let p(x) = -5*h(x) - w(x). Let j be p(1). Suppose -5*z = 0, 4*v = -3*z + 2*z + j. What is the tens digit of v?
1
Suppose -4*c - x = -68, 2*c + x - 52 = -c. Let y = c - 10. What is the tens digit of ((-2)/y)/(3/(-315))?
3
Suppose 58 = 2*l + 6. Let y = 30 + l. What is the tens digit of y?
5
Let k = 18 - 16. Suppose -3 + 5 = k*u. What is the units digit of (-54)/(-4 + (u - -1))?
7
What is the thousands digit of 10*3/(-12)*24438/(-15)?
4
Let n be -3 + 4 - (1 + -5). Suppose 0 = 5*s + 4*x - 57, -5*s + 3*s + 33 = n*x. Suppose -3*y = -0*y - s. What is the units digit of y?
3
Suppose -v - 1 = -2. Let x be v/(1/9*-1). Let a = x + 13. What is the units digit of a?
4
Let r(m) = -m + 13. Let q be r(10). Suppose 0 = -4*k + q*u, 0 = -2*k + k - 2*u + 11. Suppose k*i - 2*g = 73, 0*i + 31 = i - 4*g. What is the tens digit of i?
2
Suppose 10*q = 23*q - 22776. What is the tens digit of q?
5
Let f(i) = 2*i**2 + 0 + 93*i**3 - 2*i + 0*i**2 - 92*i**3 + 1. What is the tens digit of f(2)?
1
Suppose s - 14*p - 691 = -13*p, -3*p = 5*s - 3471. What is the units digit of s?
3
Suppose 48*g = 61*g - 18577. What is the tens digit of g?
2
Let q(h) = -43*h**3 + 2*h**2 + 3*h - 3. Let r be q(2). Let f = -233 - r. Suppose 5*l = -0*l + f. What is the units digit of l?
0
Let y = 107 + -87. Suppose -y*h = -19*h - 29. What is the units digit of h?
9
Let y be 624/15 + (-15)/25. Let q = y - 21. What is the tens digit of q?
2
Let j be (12/10)/((-19)/(-5) + -4). Let v(u) = -12*u - 3. What is the tens digit of v(j)?
6
Suppose 5*m = 4*i + 16, -5*m + 0*m + 12 = -3*i. Suppose m = -3*p + 119 + 40. What is the units digit of p?
3
Let f = 1814 - 1208. Suppose -r - r + f = 0. What is the tens digit of r?
0
Let y(v) = -217*v + 4. What is the tens digit of y(-1)?
2
Suppose -11*j + 399 = -8*j. What is the tens digit of j/6 - (-2)/(-12)?
2
What is the tens digit of (147 - -18) + (4 + 2 - 2)?
6
Let m(n) = 29*n + 91. What is the tens digit of m(19)?
4
Suppose 0 = -119*o + 114*o + 1120. What is the hundreds digit of o?
2
Let g(d) = -d**2 + 2*d + 2. Let a be g(3). Let w(i) = -3*i - 303*i**2 + 356*i**2 - 5 + 3. What is the units digit of w(a)?
4
Let n = -2592 + 3658. What is the units digit of n?
6
Let t(x) = -6*x**3 - 14*x**2 + 7*x + 7. Let n(i) = -5*i**3 - 13*i**2 + 6*i + 7. Let v(l) = -7*n(l) + 6*t(l). Let o = -8 + 14. What is the units digit of v(o)?
9
Suppose 0*f + 5*z + 13 = 3*f, 0 = -4*f + 3*z - 1. Let y = f + 10. Suppose -v + y - 4 = 0. What is the units digit of v?
2
Let w(g) = 130*g**2 + 20*g + 29. What is the thousands digit of w(5)?
3
Let w(t) = 2*t**2 + t + 24. What is the units digit of w(6)?
2
Let p(z) = 7*z**2 + 15*z - 10. What is the hundreds digit of p(-7)?
2
Let g = 23 + -19. Let v(u) = u**3 + 9*u**2 + 6*u - 11. Let m be v(-8). Suppose -4*f - 4*k = -24, -m*f - k - g + 34 = 0. What is the units digit of f?
6
Let p(v) = -2*v + 19. Suppose 5*r - 4 = r - g, -20 = 3*r - 5*g. What is the units digit of p(r)?
9
Suppose 0 = 5*n + 9 + 41. Let d be (n + 6)/(-3 - -4). Let z(x) = -2*x**3 - 7*x**2 - 9*x - 1. What is the tens digit of z(d)?
5
Let x(f) = -2*f**3 + 11*f**2 + 4*f - 22. What is the tens digit of x(5)?
2
Let g = -14 + 18. Let r = g - -1. Suppose 11 = 3*p + 4*t - 3*t, 4*p - 33 = -r*t. What is the units digit of p?
2
Suppose 0 = 3*x, -11*z + 1992 = -7*z - 2*x. What is the units digit of z?
8
Suppose -r = 3*b - 290, 4*b - 294 = -r - 0*b. Let t = -143 + r. What is the hundreds digit of t?
1
Let q(h) = -5*h - 1. Let i be q(10). Let t = i - -96. What is the tens digit of t?
4
Let r(t) = 3*t**2 - 7*t + 55. What is the units digit of r(9)?
5
Let u(m) = -79*m**2 - m. Let t be u(-1). Let w = 66 - t. Suppose -2*p + 5*a = -65, 5*p - a = 53 + w. What is the units digit of p?
0
Let a be -1 - ((-30)/1 - 2). Suppose -28*n = -35*n + 350. Let f = n - a. What is the tens digit of f?
1
Let j be (3 + 2)*(-336)/(-20). Suppose -4*r + r = -j. Let l = -10 + r. What is the tens digit of l?
1
Suppose 0 = 4*k - s - 2*s - 25, -4*k + 4 = 4*s. Let t be 884/(-7) + (-6)/(-21). What is the units digit of t/(-4) - 6/k?
0
Let z be 1351 - (18/6 - 3). Suppose 3*r - z = -484. What is the tens digit of r?
8
Suppose b - 3*r = 506, -3*b = -7*b - r + 1985. What is the hundreds digit of b?
4
Let g = -946 + 1587. What is the tens digit of g?
4
Suppose -430 = -5*v + 3475. What is the hundreds digit of v?
7
Let s(b) be the first derivative of b**5/10 + b**4/6 - b**3/2 + b**2 - 2*b - 4. Let n(g) be the first derivative of s(g). What is the tens digit of n(2)?
2
Suppose 3*a - 8 - 7 = 0, 5*w - 2*a = 20. Let p be ((-4)/(-10))/(w/(-630)). What is the tens digit of 1/2*2 - p?
4
Let h(b) be the first derivative of 13*b**6/360 + b**4/24 + 8*b**3/3 + 4. Let w(s) be the third derivative of h(s). What is the tens digit of w(1)?
1
Suppose 2*b - 975 = -5*f, -b - 70 = -f + 118. What is the units digit of f?
3
Let f = 52 + -45. Suppose f = 3*b + 1. What is the units digit of b?
2
Let s(a) = 2*a**2 - 2*a - 6. Let w = 5 - 9. What is the tens digit of s(w)?
3
Suppose 0 = -4*q + 27 - 19. Suppose -2*c + 3*i + 12 = 0, 2*c = 6*i - q*i + 12. Suppose -a + 4*a = c. What is the units digit of a?
2
Let x be ((-2)/2)/((-1)/13). Let g = x - 0. What is the tens digit of g?
1
Suppose 5*m + 6*p = 2*p + 39, -2*m + 9 = -5*p. Suppose -276 = -m*z + 53. What is the units digit of z?
7
Let k be (0 - (-8)/10)*(-15)/(-6). Let w(o) = 26*o**3 + 5*o**2 - 2*o - 2. What is the hundreds digit of w(k)?
2
Let j(n) = 25*n + 2. Let b be j(5). Suppose 2*l = 0, 0*s - s - 2*l + b = 0. What is the tens digit of s?
2
Suppose o + 15 = 4*o. Suppose 217 = 3*d - o. Let l = d - 34. What is the tens digit of l?
4
Let i(w) = -481*w - 406. What is the tens digit of i(-7)?
6
Suppose -4330 = -5*i + 2*y, -4*i + 2*y - 854 = -5*i. Suppose -4*k + i = -4*g, -k + 105 + 96 = -4*g. What is the units digit of k?
1
Suppose -3*z = -6 - 6. Suppose 0 = -z*v - 5*t + 173 + 93, 0 = 4*t + 8. What is the tens digit of v?
6
What is the hundreds digit of 3/24 + (0 - (-110761)/56)?
9
Let d(r) = 5*r + 88. What is the tens digit of d(16)?
6
Let r(q) = 6*q**2 + 5*q + 18. Let w be r(12). Suppose -w = -15*d + 9*d. What is the tens digit of d?
5
Suppose -z + 18 = -5*u, 0*z + 3*u + 18 = -3*z. What is the tens digit of (-1)/z - 1027/(-26)?
4
Let y(u) = 19*u + 5. Let g be y(5). Suppose 0 = -9*f + 11*f - g. Suppose 0*p = -p + f. What is the units digit of p?
0
Let i(f) = -124*f - 265. What is the tens digit of i(-21)?
3
Let x = -18 - -38. Suppose -3*g - 2*g = x. What is the tens digit of (g + -2)*-2 - 1?
1
Suppose -6 = -z - x, 0 = -z - z - 4*x + 20. Suppose 2 = -2*s - 0*k + 3*k, -z*k = -4*s - 20. What is the units digit of (s - -3 - -2) + 49?
7
Suppose -10 = -5*v + 3*v. Suppose -5*m - 4*x - 15 = 0, 4*m - v*x = -x + 24. Let l = 5 + m. What is the units digit of l?
6
Let b(g) = 2*g + 1. Let i be b(4). Let f = i - -26. What is the tens digit of f?
3
Let q be 74/14 - (95/(-35) + 3). Suppose 69 = 3*n - 69. Let s = n + q. What is the units digit of s?
1
Suppose -4*t + 17 - 73 = 0. Let j(a) = a**3 + 13*a**2 - 16*a + 0*a - 19 - a. What is the units digit of j(t)?
3
Let p(x) be the first derivative of 2*x**3/3 + 3*x**2/2 + 2*x - 5. Let i be p(-2). Suppose i*z - 26 - 42 = 0. What is the units digit of z?
7
Let m = 9 - 4. Let s be (-10 + 22)/((-6)/(-56)). Suppose m*g - s = g. What is the tens digit of g?
2
Suppose 0 = -5*d - 6*z + 3*z + 1648, 2*d + 3*z = 652. What is the tens digit of d?
3
Suppose -81 = -43*b + 40*b. What is the tens digit of b?
2
Suppose -4*d + 28 = -0. Suppose -4*q + d*q - 6 = 0. Suppose 5*c = -0*c + s + 26, q*c - 2*s - 12 = 0. What is the units digit of c?
5
Let a(g) = -g**3 + 3*g**2 + 2*g + 12. Let y be a(4). Suppose -d - y = 0, 3*o - 8*o - 4*d + 99 = 0. What is the tens digit of o?
2
Suppose -6*m + 4*m + 8 = 0. Let l(b) = 24*b + 1. What is the units digit of l(m)?
7
Suppose 2*y - 185 = 113. What is the units digit of y?
9
Suppose -19*u = -4*s - 16*u + 12545, -5*u = -4*s + 12543. What is the hundreds digit of s?
1
Let k(s) be the third derivative of s**5/10 - s**3/6 - 5*s**2. Let w